 divisor of 11 and 176?
11
What is the greatest common divisor of 8 and 22?
2
Calculate the highest common factor of 2972 and 4.
4
What is the highest common factor of 45 and 65?
5
Calculate the highest common factor of 456 and 25764.
228
What is the highest common divisor of 27 and 243?
27
What is the greatest common factor of 2325 and 125?
25
Calculate the highest common divisor of 46 and 253.
23
Calculate the greatest common factor of 371 and 7.
7
Calculate the highest common factor of 1853 and 545.
109
Calculate the highest common factor of 1530 and 8262.
306
Calculate the greatest common divisor of 42241 and 53.
53
What is the highest common divisor of 31 and 341?
31
What is the greatest common factor of 800 and 100?
100
Calculate the greatest common divisor of 22 and 77.
11
Calculate the highest common divisor of 83 and 913.
83
Calculate the greatest common divisor of 396 and 45.
9
Calculate the highest common divisor of 322 and 1792.
14
What is the highest common divisor of 712 and 24?
8
Calculate the greatest common factor of 7 and 87.
1
Calculate the greatest common factor of 2808 and 432.
216
What is the greatest common divisor of 209 and 76?
19
What is the highest common divisor of 2268 and 42?
42
Calculate the highest common factor of 217 and 189.
7
What is the highest common divisor of 6356 and 13166?
454
What is the greatest common factor of 87 and 667?
29
Calculate the highest common divisor of 14 and 5082.
14
What is the highest common factor of 22 and 286?
22
What is the greatest common divisor of 2592 and 832?
32
Calculate the greatest common factor of 2 and 2858.
2
Calculate the greatest common divisor of 329 and 28.
7
What is the highest common factor of 329 and 47?
47
What is the greatest common divisor of 2926 and 22?
22
Calculate the highest common divisor of 17 and 1785.
17
What is the greatest common divisor of 8 and 72?
8
What is the greatest common factor of 611 and 94?
47
What is the greatest common divisor of 66 and 220?
22
Calculate the highest common divisor of 150 and 27675.
75
What is the greatest common divisor of 112 and 14?
14
Calculate the greatest common factor of 1632 and 1836.
204
What is the greatest common factor of 88 and 1364?
44
Calculate the highest common divisor of 203 and 725.
29
Calculate the highest common factor of 1 and 29.
1
Calculate the greatest common factor of 294 and 426.
6
What is the greatest common divisor of 144 and 1744?
16
What is the greatest common factor of 3480 and 50?
10
Calculate the highest common divisor of 31 and 837.
31
Calculate the greatest common factor of 55 and 22.
11
Calculate the highest common factor of 882 and 2352.
294
What is the greatest common divisor of 91196 and 28?
28
Calculate the highest common divisor of 32 and 72.
8
What is the greatest common factor of 11004 and 84?
84
What is the highest common factor of 200 and 64?
8
Calculate the greatest common divisor of 1344 and 273.
21
What is the highest common factor of 71050 and 29?
29
Calculate the highest common factor of 1670 and 30.
10
What is the greatest common factor of 1963 and 1208?
151
Calculate the greatest common divisor of 581 and 21.
7
Calculate the highest common divisor of 387 and 9.
9
What is the greatest common factor of 142 and 2?
2
What is the greatest common factor of 6025 and 25?
25
What is the highest common factor of 420 and 24?
12
What is the greatest common factor of 36 and 9?
9
Calculate the greatest common factor of 274 and 4.
2
What is the highest common factor of 265 and 212?
53
Calculate the greatest common divisor of 44 and 418.
22
Calculate the highest common factor of 45 and 3195.
45
What is the greatest common divisor of 396 and 44?
44
What is the greatest common factor of 319 and 145?
29
What is the highest common factor of 69 and 1725?
69
Calculate the highest common divisor of 1836 and 85.
17
What is the greatest common divisor of 49 and 616?
7
Calculate the highest common factor of 243 and 1944.
243
Calculate the highest common divisor of 41423 and 23.
23
What is the highest common factor of 68 and 2074?
34
What is the highest common factor of 25 and 4825?
25
Calculate the highest common factor of 22 and 530.
2
What is the greatest common divisor of 960 and 540?
60
What is the greatest common factor of 24 and 36?
12
What is the greatest common factor of 17 and 578?
17
What is the greatest common divisor of 10100 and 200?
100
Calculate the highest common factor of 1536 and 36.
12
Calculate the highest common factor of 36 and 162.
18
Calculate the greatest common factor of 40 and 24.
8
Calculate the highest common divisor of 71 and 9017.
71
Calculate the highest common factor of 3473 and 23.
23
Calculate the greatest common divisor of 3446 and 2.
2
Calculate the highest common factor of 190 and 410.
10
What is the greatest common factor of 754 and 49387?
377
Calculate the highest common divisor of 5293 and 67.
67
What is the greatest common factor of 125 and 425?
25
Calculate the greatest common divisor of 165 and 693.
33
What is the highest common factor of 94 and 10246?
94
Calculate the highest common divisor of 235 and 5.
5
What is the highest common divisor of 2456 and 24?
8
Calculate the greatest common divisor of 154 and 14.
14
Calculate the greatest common divisor of 450 and 250.
50
Calculate the highest common factor of 133 and 3933.
19
Calculate the highest common divisor of 161 and 7889.
161
What is the greatest common factor of 596 and 12?
4
Calculate the greatest common divisor of 7 and 1862.
7
Calculate the greatest common divisor of 8020 and 20.
20
What is the greatest common factor of 1520 and 95?
95
Calculate the greatest common divisor of 1908 and 144.
36
What is the highest common factor of 17 and 1?
1
What is the greatest common divisor of 15812 and 236?
236
What is the highest common factor of 5183 and 73?
73
Calculate the highest common factor of 4809 and 42.
21
What is the greatest common factor of 1650 and 48?
6
Calculate the greatest common divisor of 25 and 45.
5
Calculate the highest common factor of 23 and 7383.
23
What is the highest common divisor of 14 and 161?
7
What is the greatest common divisor of 16 and 848?
16
Calculate the greatest common factor of 392 and 686.
98
What is the highest common factor of 1378 and 52?
26
What is the highest common divisor of 16 and 152?
8
What is the greatest common factor of 60 and 220?
20
What is the highest common divisor of 3375 and 54?
27
What is the greatest common factor of 26 and 17?
1
What is the greatest common divisor of 29 and 17951?
29
Calculate the greatest common factor of 85 and 935.
85
What is the greatest common divisor of 581 and 119?
7
Calculate the highest common divisor of 142 and 8.
2
What is the highest common factor of 1920 and 60?
60
Calculate the greatest common divisor of 972 and 252.
36
What is the highest common divisor of 147 and 14301?
21
Calculate the greatest common factor of 885 and 25.
5
Calculate the highest common factor of 56 and 240.
8
Calculate the greatest common divisor of 19 and 57.
19
What is the greatest common factor of 2394 and 504?
126
What is the greatest common factor of 95 and 85?
5
Calculate the highest common divisor of 13699 and 21.
7
Calculate the greatest common factor of 22729 and 357.
119
What is the greatest common divisor of 30 and 110?
10
What is the greatest common divisor of 6104 and 168?
56
What is the greatest common divisor of 230 and 46?
46
What is the greatest common divisor of 235 and 30?
5
What is the greatest common factor of 67 and 268?
67
What is the highest common divisor of 23 and 368?
23
Calculate the greatest common divisor of 6102 and 135.
27
What is the highest common divisor of 209 and 57?
19
Calculate the highest common factor of 55 and 297.
11
Calculate the highest common divisor of 21 and 32991.
21
Calculate the highest common divisor of 275 and 850.
25
Calculate the highest common divisor of 63 and 84.
21
What is the highest common factor of 218 and 12099?
109
Calculate the greatest common divisor of 56 and 6538.
14
What is the greatest common divisor of 812 and 4?
4
Calculate the greatest common factor of 180 and 4410.
90
What is the greatest common factor of 275 and 95?
5
What is the greatest common factor of 189 a